e c = 3*c - 6. Determine v(c).
-4
Let m(n) = 13*n**2 + 13*n + 5. Let a(j) = 6*j**2 + 6*j + 2. Let r(o) = 9*a(o) - 4*m(o). Suppose -v + p = 0, 4*p + 16 = 43*v - 47*v. Give r(v).
2
Let c(g) = g**2 + 1. Let y be 1*2/4*(-2 - 2). Give c(y).
5
Let a(o) = 1 + 0 - 208*o + 207*o. What is a(-5)?
6
Let b = -134 - -144. Let r(l) = -l + 8. Give r(b).
-2
Let p(k) = -5*k + 56. Let s be p(11). Let j(h) = 0*h**3 - h**2 + h + 2*h**3 + 0*h**3. Give j(s).
2
Let i(d) = -3*d**3 + 3*d + 2. Let m(h) = 3*h**3 - 4*h - 3. Let x(s) = 4*i(s) + 3*m(s). What is x(-1)?
2
Let f(b) = -b + 8. Suppose -5*w - m + 25 = 0, 6 = 3*w - 3*m - 9. Suppose w*s = 2*s. Give f(s).
8
Let h(l) = l - 4. Suppose 3 - 4 = -d, -t + 2*d = 0. Let u be -1 - (0 + t + 1). Give h(u).
-8
Let b(o) = -5*o**2 + 2. Let q(c) = c**2 - c. Let t(j) = b(j) + 2*q(j). Let d(n) = 4*n + 26. Let i be d(-7). Give t(i).
-6
Let b(s) = 2*s**2 - 5*s - 3. Let z(q) = -q - 1. Let i(j) = -b(j) + 3*z(j). Give i(2).
-4
Let u(c) = -5*c - 3. Let d be 6/(-9)*21/(-2). Suppose -d = w + 2*v, v + 2 - 1 = 2*w. Let b = w - 1. Determine u(b).
7
Let k(t) = -2*t**2 + 3*t. Let c(h) = 5*h + 4. Let w(d) = -d**2 - 6*d - 5. Let y(n) = 4*c(n) + 3*w(n). Let g(z) = -4*k(z) + 3*y(z). What is g(-3)?
12
Let p(v) be the second derivative of v**6/120 + v**5/60 + v**3/3 - v**2/2 + 4*v. Let b(j) be the first derivative of p(j). Determine b(0).
2
Let j = -3 - -4. Let g(t) = -7*t**2 - 1 + 6*t**2 - t + 2*t + 5*t**3. Give g(j).
4
Let l(i) be the third derivative of 1/10*i**5 - i**2 + 0 - 1/6*i**3 - 1/12*i**4 + 1/120*i**6 + 0*i. What is l(-6)?
11
Let n = 10 + -8. Suppose 3*d - 12 = 2*z, -n*d - 1 = -3*z - 9. Let g(b) = -5 + 2*b**2 + 3*b + z + b. Determine g(-4).
11
Let v be 1 + 0 + (-8)/(-1). Suppose g + 0 = -x - 2, -4*x - v = 3*g. Let o(k) = -k**3 + k**2 - 2*k + 1. Calculate o(g).
-1
Let h = -17 - -22. Let t(p) = p**3 - 5*p**2 + 3*p - 7. Give t(h).
8
Let q = -6 + 0. Let s(p) = 2*p + 1. What is s(q)?
-11
Let x(y) = y + 2. Let h be x(-2). Let n(s) = -s - 5*s + 5*s - 32 + 40. Determine n(h).
8
Let f be 9/(-3) - (2 + -3). Let y(x) = x**3 + 3*x**2 + 3*x. Determine y(f).
-2
Let z(c) be the first derivative of -1/3*c**3 + 5/2*c**2 - 4 + 2*c. Give z(5).
2
Let i be (1 - 0)/(20 - 0). Let z(k) be the third derivative of 1/6*k**3 - 2*k**2 + 0*k**4 + i*k**5 + 0 + 0*k. Calculate z(1).
4
Let p(v) = -v + 4. Let l(u) = -u**3 - 10*u**2 - 10*u - 9. Let s be l(-9). Let o be s/(1 - (0 + 0)). Give p(o).
4
Let u(q) = -q**2 + 7*q - 4. Let r be u(6). Suppose -1 = -5*g + 9. Let k(i) = 0*i - 2*i + 5*i + i**g - i**3 - 2. Give k(r).
0
Suppose -3 = -2*l + 5. Let j(q) = q - 6*q + 0*q + l*q - 2. Determine j(-4).
2
Let x(a) be the first derivative of -a**2/2 - 2*a + 2. Let i(m) = -m - 1. Let y(s) = -3*i(s) + 4*x(s). Let v = 0 + 0. Determine y(v).
-5
Let t(d) be the second derivative of d**2 - 1/12*d**4 + 1/6*d**3 + 0 + 2*d. Suppose 3*v - 2*p + p - 11 = 0, 2*p = -v - 1. Calculate t(v).
-4
Let m = 92 - 92. Let v(d) = -d**3 - d**2 + d + 7. Determine v(m).
7
Let r be (0 - -3) + -1 + 0. Suppose -2*u - r*u = -3*l - 11, u - 2 = 0. Let o(c) = 11*c**2 + 5 - 20*c**2 - 4. Determine o(l).
-8
Let o = -2 - -8. Suppose 4*p = 2*p + o. Let w(z) = -7*z + p*z**2 - 6 - z + z**3 + 4*z. Determine w(-4).
-6
Let u be (-2)/(-4) - 5/(-2). Let j(w) = w**2 + 3*w**2 - 6 - 3*w + 2*w**3 + 1. Let t(z) = -5*z**3 - 8*z**2 + 7*z + 11. Let q(o) = 7*j(o) + 3*t(o). Give q(u).
7
Suppose -s + 0 = 2. Let q(d) be the second derivative of -d**5/40 - d**4/24 - 2*d**3/3 + d. Let r(c) be the second derivative of q(c). Calculate r(s).
5
Let i(b) = -3*b**2 - 7*b - 4. Let z(m) = -2*m**2 - 6*m - 3. Let k(g) = 3*i(g) - 4*z(g). Let q = 5 - 2. Determine k(q).
0
Let a(h) = h**3 + h**2 - 1. Let w = 1 - 6. Let j(k) = 4*k**3 + k**2 - k - 5. Let q(y) = w*a(y) + j(y). Calculate q(-2).
-6
Suppose 6*k - 16 - 14 = 0. Let g(l) = -4*l + 6. Give g(k).
-14
Let i(z) be the third derivative of z**4/24 - z**3/2 - 2*z**2. Suppose -3*h + h = -4*y + 12, -4*h - 4*y = -24. Let g be (5/((-10)/(-12)))/h. Give i(g).
0
Let z = -33 - -27. Let b(h) = h - 2. Give b(z).
-8
Let h(v) = -v + 18. Let w be h(12). Let l(b) = b**3 + 4*b**3 - w*b**3 - 4*b**2 + 3. Give l(-3).
-6
Let i(m) = -7*m + 1. Suppose -3 - 13 = -h. Let r be (-22)/(-18) + h/(-72). Calculate i(r).
-6
Suppose 0 = 3*z - 2*z + 6. Let j = z + 6. Let y(h) = 2*h - 2 - h**2 - h - 2*h. Give y(j).
-2
Let y = 3 - 3. Let m(i) be the second derivative of -i**4/12 - i**3/6 + 5*i**2/2 + 34*i. Give m(y).
5
Suppose -4*l - 5 = -v, 5*v + l + 0*l = -17. Let u(z) = -3*z**2 - 3*z + 1. Give u(v).
-17
Suppose 21 = 3*h - 5*f - 0*f, h = 4*f + 14. Let r(y) = y**3 - y**2 + 3*y - 3. What is r(h)?
7
Suppose 0*q - 12 = -4*q. Let p be (3 - q) + 0/3. Let n(l) = -3*l - 5. Let o(k) = -2*k - 5. Let b(i) = 3*n(i) - 4*o(i). Give b(p).
5
Let j(y) = -5*y. Let v(i) = 6*i - 1 + 1 + 0. Let u(r) = 5*j(r) + 4*v(r). Give u(4).
-4
Let a(o) be the first derivative of o**4/4 - 4*o**3/3 + o**2/2 - 4*o + 1. Let l = -38 + 42. What is a(l)?
0
Suppose 0*j = 4*j - 12. Suppose -2*w = -w + j. Let t(g) = -g - 1. Let i(o) = -1. Let v(c) = i(c) - t(c). Determine v(w).
-3
Let g = 0 - 1. Let a = g + 1. Let j(z) = -z**3 + z**2 - 1. Let u(o) = 7*o**3 - 7*o**2 + o + 9. Let b(w) = -6*j(w) - u(w). Calculate b(a).
-3
Let v(o) be the first derivative of o**4/12 + o**3/2 - 7*o + 5. Let g(k) be the first derivative of v(k). Determine g(-3).
0
Suppose 4*p = -3*c - 0*p - 11, 0 = -2*p - 10. Let y(t) = 3*t + 2. Let w(x) = -3*x - 1. Let z(o) = -2*w(o) - 3*y(o). Determine z(c).
-13
Let j(s) = -s**3 - 2*s**2 - 17. Let m(r) = -3*r**3 - 5*r**2 - 34. Let b(w) = 5*j(w) - 2*m(w). Give b(0).
-17
Let t(i) be the second derivative of -2*i + 0 - 5/12*i**4 + 0*i**2 - 1/6*i**3. What is t(1)?
-6
Let r(c) = 21*c - 11*c - 12*c - c**3 - 2*c**2 - 3. Give r(-2).
1
Let z(g) = -6*g**2 + 4*g**2 + 2 + 19*g - 19*g. Suppose -2*f = -0*f + 4. Give z(f).
-6
Let v(c) = c**3 + 4*c**2 - 4*c + 5. Let w = -131 + 126. Give v(w).
0
Suppose -2*b - 2*o + 20 = -0*o, 0 = 4*b - 2*o - 22. Let y(u) = 8 + 3*u**2 + 0 - 2*u**2. Let g(q) = -q**2 - 7. Let s(c) = b*g(c) + 6*y(c). What is s(0)?
-1
Let j(g) = -g**2 + 1. Suppose 5*w = -0*w - 85. Let l = 16 + w. Calculate j(l).
0
Let s(n) be the first derivative of -1/3*n**3 - 5/2*n**2 + 3 + 2*n. Give s(-5).
2
Let q(m) = m**2 + 3*m + 1. Let g(s) = -4*s - 12 + 12*s + s**2 - 1. Let b be g(-9). Determine q(b).
5
Let d(s) be the third derivative of -s**6/360 + 7*s**5/120 - s**4/8 - s**3/3 + 2*s**2. Let x(f) be the first derivative of d(f). Give x(5).
7
Suppose -g = g. Let n(h) = h**2 - 8*h + 10. Let x be n(7). Let d(z) = -2 + z + g - x*z. What is d(-2)?
2
Let t(w) = w**3 - 4*w**2 + w - 5. Let p = 8 - 20. Let g = -8 - p. Determine t(g).
-1
Suppose -7*d + 2*d - 5 = 0. Let j(o) = -o**3 + o**2 - o + 3. Let p be j(0). Let t(a) = p - 4 - a + 14*a**3 - 3*a**2 + 2*a**2 - 7*a**3. What is t(d)?
-8
Suppose 5*t = -17 - 13. Let w = 11 + t. Suppose -w*k = 3*h + 28, -6 - 19 = 5*k. Let j(f) = -6*f**2 + 1. Give j(h).
-5
Let g be ((-12)/18)/(4/(-30)). Let x(j) = j. Suppose -o + 4*o - 12 = 0. Let t(u) = u**2 - 7*u - 7. Let q(h) = o*x(h) + t(h). Give q(g).
3
Let m(l) = l**3 - 2*l**2 - l. Let d be m(-1). Suppose 0 = t - 3*i - 2, 0 = 5*t - 2*t + 3*i - 6. Let c = d - t. Let p(u) = u**2 + 4*u + 2. Calculate p(c).
2
Let v(x) = 3*x - 1. Let a be 2 + (-2 + 0)/(-1). Let w = a - 5. Calculate v(w).
-4
Let p(r) = r + 1. Let q be (-4 - -2) + 2 - 3. Suppose -2*o = -15 + 7. Let d be (6/o)/(q/6). What is p(d)?
-2
Let f(m) be the second derivative of -m**5/20 - 5*m**4/12 - 5*m**3/6 - 3*m**2/2 + 11*m. Give f(-3).
-6
Let g(w) = 3*w - 4. Suppose 4*l + 4 + 24 = 5*s, -4*s - 3*l = -10. Calculate g(s).
8
Let l(n) be the first derivative of 0*n**3 + 2 + 1/24*n**4 + 0*n + 1/30*n**5 - n**2. Let z(x) be the second derivative of l(x). What is z(-2)?
6
Let h(w) = 3*w + 2. Let i(b) = -b**3 - 4*b**2 - 4*b - 3. Let j be i(-2). Let c(x) = 2*x + 4. Let v be c(j). Determine h(v).
-4
Let r(k) = k**3 + k**2 + 2*k - 5. Let q(w) = 2*w**3 + 2*w - 6. Let b(n) = -2*q(n) + 3*r(n). Let g = 55 + -52. Determine b(g).
3
Let l(r) be the first derivative of r**3/3 - 2*r**2 + r + 13. Determine l(4).
1
Let x(i) = 2*i**3 + i + 1. Suppose 4*o + 6 + 0 = c, -3*o + 7 = 5*c. Determine x(o).
-2
Let v be -2 - (-25 + (-4)/(-2)). Let s be 2/8 + v/(-4). Let w(u) = -